et g = u + j. What is the hundreds digit of g?
1
Let f be (-49578)/(-4)*(-24)/(-36). Suppose -f = -9*y + 4940. What is the thousands digit of y?
1
Let q(w) = 2*w**2 + 113*w - 4875. What is the tens digit of q(110)?
5
Let p = -360 + 224. Let y = -24 - p. What is the tens digit of y?
1
Suppose 3*u + 46 = k, 141 = 4*k - 5*u - 29. Suppose -41*r + k*r = -2, -1124 = -3*v - 4*r. What is the hundreds digit of v?
3
Suppose 414*v = 4281727 + 2342273. What is the tens digit of v?
0
Let j be (4 + -2)*-1*9/(-6). Let w be (-10 + 7)*2/j. What is the units digit of (24 + w - 3) + 1 + -2?
8
Let z = 14 - 18. Let o be 2*(-4 - (z + -1)). What is the tens digit of (-1 + o)/(6/396)?
6
Let k be 22/(-143) - 54/(-13). Suppose -72 = -k*i + 436. Suppose d - i + 23 = 0. What is the hundreds digit of d?
1
Suppose -18*q - n + 50342 + 90815 = 0, 3*q + 3*n - 23529 = 0. What is the thousands digit of q?
7
Let b(l) = 777*l - 1820. What is the ten thousands digit of b(20)?
1
Let q = 159 + -90. Let m = q + -73. What is the hundreds digit of ((-3)/m)/(4/928)?
1
Suppose 14*l = -2*k + 12*l - 478, -4*l + 490 = -2*k. Let v = k - -475. What is the tens digit of v?
3
Suppose -135 = j - 47. Let r = -50 - j. What is the units digit of r?
8
Suppose -y = 2*b - 165, -3*b - 2*y + 280 = -7*y. Suppose 4*c + b = 5*z - c, 5*z - 3*c - 83 = 0. Suppose 12*a = z*a - 780. What is the tens digit of a?
9
Suppose -13*g - 2527 + 8273 = 0. Let d = -19 + g. What is the tens digit of d?
2
Let s(v) = 3*v**3 + 11*v**2 - 7*v + 25*v - 11*v - 2*v**3. Let d be s(-8). Suppose 0 = -2*c + 2*r + 300, -c + 12 = r - d. What is the hundreds digit of c?
1
Let z(r) = -r**2 + 32*r + 40. Let n be 104/4 - (-2)/(-1). Let o be z(n). What is the units digit of -248*(-2)/14 - o/(-406)?
6
Suppose 29*r = 34*r - 555. Suppose -107*h = -r*h + 3*p + 3910, 985 = h + 3*p. What is the hundreds digit of h?
9
Let s(w) = 1640*w**2 + 174*w - 538. What is the thousands digit of s(3)?
4
Let s(h) = 6*h**3 + 42*h**2 + 12*h + 3. What is the tens digit of s(16)?
2
Let z be (4 + 3/(-1))/(4/484). Suppose -p = z - 360. What is the hundreds digit of p?
2
Let t be (-29)/58 - ((-756)/24 - (-3 - -1)). Let v = 174 - -38. Suppose t*u - 25*u = v. What is the units digit of u?
3
Let w(a) be the second derivative of -174*a**5/5 + a**4/12 + a**3/3 + 2*a + 51. What is the hundreds digit of w(-1)?
6
Suppose 4*x + 255 = 23*m - 18*m, -x + 42 = m. Suppose m*c - 20293 = 18012. What is the tens digit of c?
1
Let s = 25 + -17. Let f(a) = 10*a - 7*a + s*a**2 - 4 - a**3 + 4. What is the units digit of f(4)?
6
Let l(t) = -8 + 17*t - 6 + 8 - 6 + t**2. What is the units digit of l(-19)?
6
Let j(k) be the first derivative of -22*k**2 + 13*k + 14. Let u be j(-3). Let s = 283 - u. What is the units digit of s?
8
Let t(q) be the second derivative of q**5/20 + 11*q**4/12 + 4*q**3/3 - 21*q**2/2 - 37*q. Let w be t(-10). What is the tens digit of (-3546)/(-36)*w*(1 + -3)?
9
Let a(l) = 5*l - 54. Let v be a(13). Suppose 0 = -v*x + 20 - 9. What is the units digit of x?
1
Let k be 9/12 + (-11094)/8. What is the tens digit of (k/165)/(5/((-525)/2))?
4
Suppose -n + 2*j + 12 = -j, -5*n = j - 44. Suppose -36 = -5*w + n*w. What is the units digit of 19 + w - 8/2?
6
Suppose -10 = 2*l - p, -5*l + 14 = -7*l + 2*p. What is the units digit of ((-44)/(-20) + l)*405/(-2)?
2
Suppose 6*h = 34 - 4. Suppose 43 = 2*f - 5*d - 30, -2*d - 193 = -h*f. Suppose -15 = 5*t, f = -4*i + 5*i - 5*t. What is the units digit of i?
4
Suppose -4*y - 33 = -69. Suppose 21 = -2*v + y*v. Let p = 107 - v. What is the tens digit of p?
0
Suppose -4*j + 2*s = 5*s + 70774, -j + 4*s - 17703 = 0. What is the tens digit of 1/4 + -4*j/80?
8
Suppose -60*h + 105131 = -47*h. Suppose 10*y + 2957 = h. What is the hundreds digit of y?
5
Let u(j) = -j**3 - 117*j**2 - 443*j - 34. What is the thousands digit of u(-114)?
1
Let n = 246197 + -166407. What is the hundreds digit of n?
7
Suppose -346*f - 686411 = 65*f - 4813673. What is the tens digit of f?
4
Suppose -3945*w + 54027 = -3942*w. What is the ten thousands digit of w?
1
Let n be (3/(-6))/(3/(-18)*1). Suppose 0*r + n*r - 24 = 0. Suppose r = -3*w + 146. What is the tens digit of w?
4
Let c be ((-606)/10)/(2*(-10)/200). What is the units digit of (95/57)/(5/c)?
2
Suppose -17*i = -5*i + 168. Let c be ((1 - -2) + -7)*i. What is the units digit of (24/21)/(8/c)?
8
Let d be -1*(-7 + 5) + (0 - -26). Let w be ((-4)/3)/(d/(-42)). Suppose 2*b - 166 = 2*y + 26, 0 = w*b - 3*y - 189. What is the units digit of b?
9
What is the hundreds digit of (-12 + -47 + -1)/((-3)/380)?
6
Let t = -852 - -5011. What is the thousands digit of t?
4
Suppose 16*h - 1784574 = -78*h - 285932. What is the thousands digit of h?
5
Let k(o) = o**3 - 12*o**2 + 5*o - 2. Let z(m) = m**3 - 9*m**2 + 2*m - 6. Let v be z(9). Let x = 0 + v. What is the units digit of k(x)?
8
Suppose -77*r + 255833 = 24*r. What is the thousands digit of r?
2
Let j(q) = -6*q + 1. Let c be j(1). Let l(i) be the second derivative of -19*i**3/6 + 132*i. What is the tens digit of l(c)?
9
What is the units digit of (42/(-4))/((-133607)/(-133676) - 1)?
2
Let w(k) = k**3 - 7*k**2 + 24*k - 67. Let p be w(5). Let i(t) = -3*t**2 + 2 + 12*t**2 - 4. What is the units digit of i(p)?
9
Suppose d - 35 = -3*r, 5*d + 3*r = 93 + 46. Let w(z) = -d*z**2 + 22*z**2 - 28*z + 3*z**2 + 7. What is the hundreds digit of w(-12)?
1
Suppose -3*k + 72270 = 11*k + 18804. What is the units digit of k?
9
What is the hundreds digit of (-24)/15*3/((-78)/523445)?
2
Let p(u) = u**3 - 3*u**2 + u - 2. Let d be p(2). Let v be 2/((d/(-45))/(4/6)). What is the units digit of (3 - 25/v)*(0 - -18)?
4
What is the units digit of (-26)/(-26)*1/3*75045?
5
Let o be 9/(-12) + 8815/20. Suppose -w + o = 2*v, -2*v + w = 6*w - 456. What is the tens digit of v?
1
What is the tens digit of (-873 - (-480)/20)*235/(-15)?
0
Let i(h) = -h**3 - 11*h**2 - 13*h - 26. Let v be i(-10). Suppose 5*y = 4*w + 3995, 2*w + 2375 = 3*y + v*w. What is the hundreds digit of y?
7
Let m = -3536 - -5279. Suppose 363 = -6*s + m. What is the hundreds digit of s?
2
Let o(n) = n - 3. Let l(k) = 578*k - 16. Let c(h) = -l(h) + 2*o(h). What is the units digit of c(-1)?
6
Let p(r) = -9*r**3 + 30*r**2 + 9*r + 3. What is the thousands digit of p(-4)?
1
What is the ten thousands digit of (-53445)/(-1) + (8 - (4 - -8))?
5
Suppose 5*h - 2*h - 21683 = f, f - 36125 = -5*h. What is the thousands digit of h?
7
Let a = 485 + -162. Let w = 574 - a. What is the tens digit of w?
5
Let w(s) be the third derivative of -s**5/60 + 3*s**4/4 - 7*s**3/3 - 9*s**2. Let f be w(15). Suppose h - 69 = f. What is the units digit of h?
0
Suppose 7728 = -14*y + 6*y. Let j = y - -1927. What is the tens digit of j?
6
Suppose k = 6*k. Suppose k = 4*v - 30 - 218. Let n = 102 - v. What is the units digit of n?
0
Suppose -29683 = -o - m - 7675, -3*o = m - 66014. What is the ten thousands digit of o?
2
Let l = -1027 - 83. Let c = -689 - l. What is the tens digit of c?
2
Let p(s) = s**2 - 4*s + 8. Suppose 2*n = 5*j - 17, 2*n = -3*j - 0*n + 23. Let h be p(j). Suppose 0 = 14*g - h*g - 24. What is the units digit of g?
4
Let n be (5/(-3))/((-15)/54). Let p(o) = 9*o + 19. Let d be p(n). Let u = d - 63. What is the units digit of u?
0
Suppose 0 = 13*m - 136987 - 56479. What is the units digit of m?
2
Let m be 7938/8 - 1/4. Suppose 3*c = -4*u + 957, -5*c - m - 178 = -5*u. What is the tens digit of u?
3
Let h(i) = -3*i**3 + i**2 - 28*i - 10. Let d be h(8). Let p = -1177 - d. What is the hundreds digit of p?
5
Let s = -925 + 937. Suppose 4 = 2*o + 2. What is the units digit of s/(o + 2) + 2?
6
Suppose -4*x - 394 = -3*y, -44 - 352 = -3*y + 3*x. Let f = 176 - y. What is the tens digit of f?
4
Let q = -14620 + 42862. What is the thousands digit of q?
8
Let m(t) = 14*t**3 + 2*t**2 + 10. Let q be m(-5). What is the units digit of 5/((-25)/q) + 1*-4?
4
Let b be 1083/4 + 3/(-4). Suppose 3*y - b = 3*s, 0*y = -y - s + 86. What is the units digit of y?
8
Let y = -13 + 16. Suppose -k - y*x = -5*k + 1355, 0 = 4*k - 2*x - 1350. What is the tens digit of k?
3
Let i(v) = -3534*v + 100. What is the tens digit of i(-1)?
3
Let m(b) be the second derivative of -1/2*b**3 + 1/12*b**4 + 169/20*b**5 + b**2 + 9*b + 0. What is the tens digit of m(1)?
6
Suppose 85*a - 12 = 89*a, 5*n + a = 123042.